{"id":595,"date":"2014-02-05T17:40:03","date_gmt":"2014-02-05T16:40:03","guid":{"rendered":"http:\/\/www2.unibas.it\/parente\/wordpress\/?page_id=595"},"modified":"2021-09-06T15:02:55","modified_gmt":"2021-09-06T14:02:55","slug":"accordi-erasmus","status":"publish","type":"page","link":"https:\/\/web.unibas.it\/parente\/?page_id=595","title":{"rendered":"Accordi Erasmus"},"content":{"rendered":"<p>Siamo responsabili di 3 accordi Erasmus per il periodo 2014-2021. Gli studenti sono invitati a consultare tutto il materiale presente sul <a href=\"http:\/\/www2.unibas.it\/relint\/llp\/erasmus\/index.php\" target=\"_blank\" rel=\"noopener\">sito di Ateneo<\/a> prima di scegliere la destinazione. Qui riportiamo delle brevi informazioni sui tre accordi. Gli studenti interessati, possibilmente dopo aver visitato i link ai siti delle diverse Universit\u00e0, possono rivolgersi, almeno 30 gg prima della scadenza della domanda di mobilit\u00e0, al <a href=\"mailto:eugenio.parente@unibas.it\" target=\"_blank\" rel=\"noopener\">Prof. Parente<\/a> per ulteriori informazioni. Le informazioni di questa pagina sono <strong>aggiornate al marzo 2019<\/strong> e verranno aggiornate con una cadenza biennale)<\/p>\n<ul>\n<li><a href=\"https:\/\/www2.aua.gr\/\/en\" target=\"_blank\" rel=\"noopener\">Agricultural University of Athens<\/a>\u00a0(AUA, Atene, Grecia, G ATHINE03 &#8211; GEOPONIKO PANEPISTIMIO ATHINON): il sito dell&#8217;Universit\u00e0 \u00e8 sia in Greco che in Inglese. L&#8217;accordo di mobilit\u00e0 \u00e8 con il Dipartimento di <a href=\"http:\/\/fst.aua.gr\/en\" target=\"_blank\" rel=\"noopener\">Food Science and Human Nutrition<\/a> e prevede la possibilit\u00e0 di seguire corsi sia a livello di laurea triennale che di master, o di effettuare stage per lo svolgimento della tesi. E&#8217; anche prevista la possibilit\u00e0 di scambio di studenti di Dottorato. Anche se il docente responsabile dello scambio in Grecia \u00e8 una microbiologa, possono partecipare alla mobilit\u00e0 tutti gli studenti dei corsi di laurea in Tecnologie alimentari e Scienze e tecnologie alimentari. L&#8217;elenco dei corsi offerti dal Dipartimento \u00e8 <a href=\"http:\/\/fst.aua.gr\/en\/node\/122\" target=\"_blank\" rel=\"noopener\">qui<\/a>. L&#8217;organizzazione del percorso \u00e8 quinquennale (9 semestri + tesi) e si pu\u00f2 assumere che i primi 6 semestri corrispondano alla laurea triennale. L&#8217;organizzazione in crediti non \u00e8 descritta, ma 1 h\/settimana \u00e8 grossomodo equivalente ad un ECTS. Il sito del programma Erasmus della AUA \u00e8 disponibile <a href=\"http:\/\/www.european.aua.gr\/?page_id=757\">qui<\/a>. L&#8217;elenco degli insegnamenti che possono essere selezionati dagli studenti in mobilit\u00e0 Erasmus (cui si aggiunge <a href=\"https:\/\/www2.aua.gr\/en\/info\/erasmus-courses\">l&#8217;inglese e il greco moderno<\/a>) e che sono tenuti in lingua inglese da vari Dipartimenti della AUA \u00e8 disponibile <a href=\"http:\/\/www.european.aua.gr\/?page_id=780\">qui<\/a>. Nonostante tutti corrispondano a 5 crediti ECTS c&#8217;\u00e8 una corrispondenza abbastanza stretta con molti insegnamenti dei corsi di laurea in Tecnologie alimentari e Scienze e Tecnologie Alimentari. E&#8217; comunque necessario che gli studenti discutano con me la scelta dei corsi. Personalmente consiglio di scegliere questa sede soprattutto per la tesi di laurea magistrale o per stage durante il dottorato.<\/li>\n<li><a href=\"http:\/\/www.ucc.ie\/en\/\">University College Cork<\/a> (Cork, Irlanda, IRLCORK01 &#8211; NATIONAL UNIVERSITY OF IRELAND, CORK): a differenza di quanto avviene in Italia, il programma di studi universitari in Iralnda \u00e8 organizzato in un primo livello di 4 anni (Bachelor of Science) e in un secondo livello (Master of Science) di 1 o 2 anni. Il sito della School of Food Science and Nutrition \u00e8 <a href=\"http:\/\/www.ucc.ie\/en\/fns\/current\/\">qui<\/a>. <strong>L&#8217;accordo \u00e8 valido solo per il 2\u00b0 (Master) e 3\u00b0 ciclo (PhD), mentre l&#8217;accordo a livello di laurea triennale \u00e8 stato cancellato<\/strong>.\u00a0Il Master ha la durata di 1 anno e pu\u00f2 essere basato su corsi (informazioni <a href=\"http:\/\/www.ucc.ie\/en\/ckr22\/\">qui<\/a>) o sull&#8217;attivit\u00e0 di ricerca (informazioni <a href=\"https:\/\/www.ucc.ie\/admin\/registrar\/calendar\/postgraduate\/Masters\/page01.html\">qui<\/a>). Dall&#8217;anno accademico 2014-2015 l&#8217;organizzazione dei corsi \u00e8 semestrale, con esami per il primo semestre prima di natale. Le informazioni sono <a href=\"https:\/\/www.ucc.ie\/en\/media\/support\/recordsandexaminations\/documents\/SemesterDatesfor2019-20.pdf\">qui<\/a>.\u00a0E&#8217; comunque consigliabile utilizzare la mobilit\u00e0 Erasmus per la tesi o il tirocinio piuttosto che per seguire corsi. La lista degli insegnamenti effettivamente disponibili per gli studenti Erasmus \u00e8 <a href=\"http:\/\/www.ucc.ie\/admin\/registrar\/visiting\/\">qui<\/a> . <strong>ATTENZIONE<\/strong>: questo accordo scade nel 2022 e, su richiesta di University College Cork, non verr\u00e0 rinnovato.<\/li>\n<li><a href=\"http:\/\/www.ujaen.es\/serv\/vicint\/\">Univesidad de Ja\u00e9n<\/a> (Jaen, Spagna, E JAEN01 &#8211; UNIVERSIDAD DE JAEN): l&#8217;accordo di scambio riguarda solo studenti della laurea magistrale e del dottorato di ricerca. I corsi sono prevalentemente in spagnolo (i corsi in inglese sono <a href=\"https:\/\/uvirtual.ujaen.es\/pub\/es\/informacionacademica\/catalogoguiasdocentes\/p\/patie\/2018-19\">qui<\/a>). Gli studenti in Scienze e Tecnologie Alimentari possono scegliere corsi del <a href=\"https:\/\/www.ujaen.es\/estudios\/oferta-academica\/masteres\/master-universitario-en-avances-en-seguridad-de-los-alimentos\">Master in Avances en Segurigad de los Alimentos<\/a> (Sicurezza alimentare), della durata di un anno. L&#8217;elenco dei corsi \u00e8 <a href=\"https:\/\/www.ujaen.es\/estudios\/oferta-academica\/masteres\/master-universitario-en-avances-en-seguridad-de-los-alimentos#informacion-academica\">qui<\/a>. In alternativa, gli studenti possono scegliere di svolgere parzialmente o totalmente l&#8217;attivit\u00e0 relativa alla tesi di ricerca sperimentale in microbiologia e sicurezza degli alimenti.<\/li>\n<li><a href=\"https:\/\/www.unex.es\" target=\"_blank\" rel=\"noopener\">Universidad de Extremadura<\/a> (Badajoz, Spagna, E BADAJOZ01 &#8211; UNIVERSIDAD DE EXTREMADURA): sono attivi 2 accordi, entrambi in scadenza nel 2022. Il primo \u00e8 a supporto del percorso di laurea a doppio titolo con il <a href=\"http:\/\/agraria.unibas.it\/site\/home\/didattica\/offerta-didattica\/-lm-scienze-e-tecnologie-alimentari---0424\/documento5027809.html\">corso di laurea in Scienze e Tecnologie Alimentari<\/a>, con 5 borse da 6 mesi disponibili. Il secondo permette di svolgere periodi di studio fino a 9 mesi sia per la laurea triennale in Tecnologie agrarie, che per quella in Scienze e Tecnologie Agrarie che per la laurea triennale in Tecnologie alimentari. Gli studenti interessati sono pregati di visitare il sito della UEx e poi rivolgersi a me per eventuali chiarimenti, tenendo presente quanto segue: in Spagna gli esami si sostengono esclusivamente al termine dei singoli semestri; il percorso di laurea di primo livello in Spagna \u00e8 quadriennale e non triennale.<\/li>\n<\/ul>\n","protected":false},"excerpt":{"rendered":"<p>Siamo responsabili di 3 accordi Erasmus per il periodo 2014-2021. Gli studenti sono invitati a consultare tutto il materiale presente sul sito di Ateneo prima di scegliere la destinazione. Qui riportiamo delle brevi informazioni sui tre accordi. Gli studenti interessati, &hellip; <a href=\"https:\/\/web.unibas.it\/parente\/?page_id=595\">Continue reading <span class=\"meta-nav\">&rarr;<\/span><\/a><\/p>\n","protected":false},"author":1,"featured_media":0,"parent":30,"menu_order":0,"comment_status":"closed","ping_status":"open","template":"","meta":{"footnotes":""},"class_list":["post-595","page","type-page","status-publish","hentry"],"_links":{"self":[{"href":"https:\/\/web.unibas.it\/parente\/index.php?rest_route=\/wp\/v2\/pages\/595","targetHints":{"allow":["GET"]}}],"collection":[{"href":"https:\/\/web.unibas.it\/parente\/index.php?rest_route=\/wp\/v2\/pages"}],"about":[{"href":"https:\/\/web.unibas.it\/parente\/index.php?rest_route=\/wp\/v2\/types\/page"}],"author":[{"embeddable":true,"href":"https:\/\/web.unibas.it\/parente\/index.php?rest_route=\/wp\/v2\/users\/1"}],"replies":[{"embeddable":true,"href":"https:\/\/web.unibas.it\/parente\/index.php?rest_route=%2Fwp%2Fv2%2Fcomments&post=595"}],"version-history":[{"count":13,"href":"https:\/\/web.unibas.it\/parente\/index.php?rest_route=\/wp\/v2\/pages\/595\/revisions"}],"predecessor-version":[{"id":1792,"href":"https:\/\/web.unibas.it\/parente\/index.php?rest_route=\/wp\/v2\/pages\/595\/revisions\/1792"}],"up":[{"embeddable":true,"href":"https:\/\/web.unibas.it\/parente\/index.php?rest_route=\/wp\/v2\/pages\/30"}],"wp:attachment":[{"href":"https:\/\/web.unibas.it\/parente\/index.php?rest_route=%2Fwp%2Fv2%2Fmedia&parent=595"}],"curies":[{"name":"wp","href":"https:\/\/api.w.org\/{rel}","templated":true}]}}