{"id":5537,"date":"2023-03-07T16:06:15","date_gmt":"2023-03-07T15:06:15","guid":{"rendered":"http:\/\/web.unibas.it\/life\/?page_id=5537"},"modified":"2023-06-15T12:01:52","modified_gmt":"2023-06-15T10:01:52","slug":"framing-souths-informazioni","status":"publish","type":"page","link":"https:\/\/web.unibas.it\/life\/it\/framing-souths-informazioni\/","title":{"rendered":"Framing Souths Informazioni"},"content":{"rendered":"\n<p class=\"has-text-align-center has-large-font-size\"><strong>Framing Souths<\/strong><\/p>\n\n\n\n<p class=\"has-text-align-center has-medium-font-size\"><strong>Letterature e linguaggi, cinema e fotografia,<\/strong><br><strong>fototesto e nuovi media&nbsp;<\/strong><\/p>\n\n\n\n<p style=\"font-size:18px\" class=\"has-text-align-center\"><strong>Universit\u00e0 di Torino<\/strong><br><strong>24-26 maggio 2023<\/strong><\/p>\n\n\n\n<h1 class=\"has-text-align-center wp-block-heading\"><strong>Report<\/strong><br><\/h1>\n\n\n\n<p class=\"has-text-align-center\">Nei giorni 24, 25 e 26 maggio 2023 si \u00e8 tenuta presso l&#8217;Universit\u00e0 di Torino la conferenza internazionale Framing Souths.<br>La conferenza ha visto la partecipazione di esperti internazionali, ricercatori e studiosi del campo delle scienze umane ambientali, che hanno avuto modo di scambiare idee e discutere degli ultimi sviluppi degli studi sul pensiero  meridiano e l&#8217;ecologia, nel cinema e nella fotografia, nella  letteratura e nella linguistica, nell&#8217;antropologia culturale e nella teoria dei nuovi media.<\/p>\n\n\n\n<div class=\"wp-block-image is-style-default\"><figure class=\"aligncenter size-large\"><a href=\"http:\/\/web.unibas.it\/life\/wordpress\/wp-content\/uploads\/framing_souths_report.pdf\" target=\"_blank\" rel=\"noopener noreferrer\"><img loading=\"lazy\" decoding=\"async\" width=\"51\" height=\"63\" src=\"http:\/\/web.unibas.it\/life\/wordpress\/wp-content\/uploads\/pdf_eng.jpg\" alt=\"Report download\" title=\" Report download\" class=\"wp-image-264\"\/><\/a><figcaption><\/figcaption><\/figure><\/div>\n\n\n\n<p><\/p>\n","protected":false},"excerpt":{"rendered":"<p>Framing Souths Letterature e linguaggi, cinema e fotografia,fototesto e nuovi media&nbsp; Universit\u00e0 di Torino24-26 maggio 2023 Report Nei giorni 24, 25 e 26 maggio 2023 si \u00e8 tenuta presso l&#8217;Universit\u00e0 di Torino la conferenza internazionale Framing Souths.La conferenza ha visto la partecipazione di esperti internazionali, ricercatori e studiosi del campo delle scienze umane ambientali, che &hellip; <\/p>\n<p class=\"link-more\"><a href=\"https:\/\/web.unibas.it\/life\/it\/framing-souths-informazioni\/\" class=\"more-link\">Continue reading<span class=\"screen-reader-text\"> &#8220;Framing Souths Informazioni&#8221;<\/span><\/a><\/p>\n","protected":false},"author":1,"featured_media":0,"parent":0,"menu_order":0,"comment_status":"closed","ping_status":"closed","template":"","meta":{"footnotes":""},"_links":{"self":[{"href":"https:\/\/web.unibas.it\/life\/wp-json\/wp\/v2\/pages\/5537"}],"collection":[{"href":"https:\/\/web.unibas.it\/life\/wp-json\/wp\/v2\/pages"}],"about":[{"href":"https:\/\/web.unibas.it\/life\/wp-json\/wp\/v2\/types\/page"}],"author":[{"embeddable":true,"href":"https:\/\/web.unibas.it\/life\/wp-json\/wp\/v2\/users\/1"}],"replies":[{"embeddable":true,"href":"https:\/\/web.unibas.it\/life\/wp-json\/wp\/v2\/comments?post=5537"}],"version-history":[{"count":6,"href":"https:\/\/web.unibas.it\/life\/wp-json\/wp\/v2\/pages\/5537\/revisions"}],"predecessor-version":[{"id":6181,"href":"https:\/\/web.unibas.it\/life\/wp-json\/wp\/v2\/pages\/5537\/revisions\/6181"}],"wp:attachment":[{"href":"https:\/\/web.unibas.it\/life\/wp-json\/wp\/v2\/media?parent=5537"}],"curies":[{"name":"wp","href":"https:\/\/api.w.org\/{rel}","templated":true}]}}