{"id":5383,"date":"2023-03-04T17:44:16","date_gmt":"2023-03-04T16:44:16","guid":{"rendered":"http:\/\/web.unibas.it\/life\/?page_id=5383"},"modified":"2023-03-08T14:26:13","modified_gmt":"2023-03-08T13:26:13","slug":"conferenza-internazionale-framing-souths-call-for-papers","status":"publish","type":"page","link":"https:\/\/web.unibas.it\/life\/it\/conferenza-internazionale-framing-souths-call-for-papers\/","title":{"rendered":"Framing Souths &#8211; CfP IT"},"content":{"rendered":"\n<div class=\"wp-block-image\"><figure class=\"aligncenter\"><a href=\"http:\/\/web.unibas.it\/life\/wordpress\/wp-content\/uploads\/framing-souths-cfp_eng.pdf\" target=\"_blank\" rel=\"noreferrer noopener\"><img decoding=\"async\" src=\"http:\/\/web.unibas.it\/life\/wordpress\/wp-content\/uploads\/pdf_eng.jpg\" alt=\"English CfP download\" class=\"wp-image-256\" title=\"English CfP download\"\/><\/a><\/figure><\/div>\n\n\n\n<div class=\"wp-block-image\"><figure class=\"aligncenter is-resized\"><a href=\"http:\/\/web.unibas.it\/life\/wordpress\/wp-content\/uploads\/framing-souths-cfp_ita.pdf\" target=\"_blank\" rel=\"noreferrer noopener\"><img loading=\"lazy\" decoding=\"async\" src=\"http:\/\/web.unibas.it\/life\/wordpress\/wp-content\/uploads\/pdf_ita.jpg\" alt=\"Italian CfP download\" class=\"wp-image-257\" width=\"51\" height=\"63\" title=\"Italian CfP download\"\/><\/a><\/figure><\/div>\n\n\n\n<p class=\"has-text-align-center has-large-font-size\"><strong>Framing Souths<\/strong><\/p>\n\n\n\n<p class=\"has-text-align-center has-medium-font-size\"><strong>Letterature e linguaggi, cinema e fotografia,<\/strong><br><strong>fototesto e nuovi media&nbsp;<\/strong><\/p>\n\n\n\n<p class=\"has-text-align-center\"><strong>Universit\u00e0 di Torino<\/strong><br><strong>24-26 maggio 2023<\/strong><\/p>\n\n\n\n<p class=\"has-text-align-center\"><strong>Data di scadenza di invio delle proposte: 15 dicembre 2022<\/strong><\/p>\n\n\n\n<p>Nell&#8217;ambito degli studi ecocritici, e con un\u2019impronta volutamente multidisciplinare e transdisciplinare, il convegno internazionale&nbsp;<em>Framing Souths&nbsp;<\/em>intende esplorare le possibili diverse significazioni espresse dalle narrazioni del cinema, della fotografia, del fototesto, della letteratura e del mondo digitale, con particolare attenzione alle relazioni umano-non umano negli ecosistemi del Sud Italia e, pi\u00f9 in generale, dei vari Sud del mondo. L&#8217;obiettivo del convegno \u00e8 quello di riflettere sui modi in cui una pi\u00f9 viva coscienza ecologica e una crescente consapevolezza ambientale possono oggi produrre nuove forme espressive e&nbsp;nuovi discorsi, fornendo modelli interpretativi in grado di rivelare significati \u201caltri\u201d in produzioni culturali del passato e della contemporaneit\u00e0.<\/p>\n\n\n\n<p>Nel corso degli ultimi decenni, si \u00e8 sviluppato in pi\u00f9 direzioni il dibattito intorno all&#8217;agentivit\u00e0 di immagini e immaginari, visibili o evocati attraverso il linguaggio, e ai dispositivi tecnologici che ne garantiscono o amplificano la produzione, la circolazione e l&#8217;interazione con gli altri agenti sociali e culturali. L&#8217;idea che sta alla base di questa proficua prospettiva di studio \u00e8 che le immagini e gli immaginari meridiani relativi alle relazioni umano-non umano, e le narrazioni e ri-significazioni che queste alimentano, dispongano di una loro propria forza dinamica e possano agire con effetti performativi nell&#8217;ambito del reale.<\/p>\n\n\n\n<p>In tale ottica, le immagini non vengono considerate semplici artefatti, che riflettono passivamente relazioni finzionali, ma divengono agenti effettivi del reale, nel pieno riconoscimento di una loro concreta e peculiare dimensione attiva.&nbsp;Analogamente, il linguaggio, letterario e non, si fa portatore e promotore di comportamenti, interpretazioni e visioni del futuro.&nbsp;Non solo il cinema e la fotografia hanno iconizzato le relazioni umano-non umano, ma anche la letteratura e, pi\u00f9 in generale, la testualit\u00e0, hanno catalizzato immagini e immaginari intorno a questo modo sistemico di intendere la coevoluzione. Si pu\u00f2 considerare questo ambito di indagine come un luogo relazionale emblematico per interrogarsi non solo a livello teorico ma anche sul piano empirico in merito alle questioni sollevate dalla svolta ontologica de-antropocentrica e multispecie.<\/p>\n\n\n\n<p>\u00c8 con tale impostazione che abbiamo pensato a questo convegno come a uno spazio aperto al dialogo transdisciplinare, attraverso il quale esplorare le diverse connessioni tra Sud Italia, e pi\u00f9 in generale tra l&#8217;idea stessa di Sud, il cinema, la letteratura, il linguaggio e l&#8217;ecologia, per riflettere sulle diverse forme attraverso le quali gli ecosistemi meridiani sono (stati) variamente espressi, identificati e interpretati secondo dinamiche relazionali co-evolutive.<\/p>\n\n\n\n<p>Per esplorare queste connessioni abbiamo deciso di abbracciare un&#8217;ampia gamma di prospettive, discipline e tematiche \u2013 cinema, fotografia, letteratura, antropologia culturale, linguistica \u2013 che possono essere sinteticamente raggruppate sotto il termine di&nbsp;<em>environmental humanities<\/em>, cos\u00ec da riflettere in modo pi\u00f9 esteso e profondo sui processi di espressione e significazione attraverso i quali le realt\u00e0 meridiane possono essere comprese, ripensate, trasformate, o modellizzate.<\/p>\n\n\n\n<p>Nel complesso e sfaccettato scenario mediale della societ\u00e0 contemporanea, il Mezzogiorno d&#8217;Italia e, pi\u00f9 in generale, il Sud, ci appare un punto di osservazione cruciale da cui effettuare un&#8217;indagine ecocritica sulle relazioni umano-non umano e sulle relative ri-significazioni attraverso vari media, codici e approcci critici e analitici.<\/p>\n\n\n\n<p>Il convegno intende costituirsi come punto di partenza di un dibattito scientifico che coinvolga differenti ma contigui discorsi sul pensiero meridiano e sull&#8217;ecologia, sul cinema, la fotografia, la letteratura, la linguistica, l\u2019antropologia culturale e la teoria dei media. In questo ampio contesto scientifico, il convegno si prefigge di attivare uno spazio di riflessione in cui le molteplici prospettive&nbsp;di ricerca e i confini tra le discipline coinvolte possano essere efficacemente e utilmente riconsiderati e resi pi\u00f9 permeabili e aperti al dialogo.<\/p>\n\n\n\n<p>A semplice titolo indicativo, le proposte potranno riferirsi alle seguenti tematiche:<\/p>\n\n\n\n<ul><li>Cambiamento climatico<\/li><li>Crisi ambientale<\/li><li>Terremoti, catastrofi naturali e altri eventi traumatici&nbsp;\u00a7&nbsp;Attivismo ambientale<\/li><li>Etica ambientale e relazionale<\/li><li>Storia delle relazioni co-evolutive e interspecie<\/li><li>Ecologismo e giustizia ambientale<\/li><li>Ecolinguistica<\/li><li>Ecosofia<\/li><li>Ecopoetica<\/li><li>Arti ambientali<\/li><li>Ecocinema e cinema ambientale<\/li><li>Relazione umano\/non-umano<\/li><li>Post-umanismo<\/li><li>Spazi virtuali\/spazi reali<\/li><\/ul>\n\n\n\n<p>Nuovi approcci metodologici e teorici ai contesti disciplinari e culturali considerati verranno accolti con interesse. Le lingue ufficiali del convegno saranno l\u2019inglese e l\u2019italiano.<\/p>\n\n\n\n<p>Gli&nbsp;<em>abstract<\/em>, di lunghezza massima di 500 parole, andranno inviati via email a Alberto Baracco (alberto.baracco@unibas.it) e Carmen Concilio (carmen.concilio@unito.it) per il comitato scientifico, congiuntamente a una breve nota biografica (massimo 150 parole), entro il&nbsp;<strong>15 dicembre 2022<\/strong>.<\/p>\n\n\n\n<p class=\"has-text-align-center\"><\/br><\/br><\/br><hr width=25% style=\"height:2px\"><\/p>\n\n\n\n<p style=\"font-size:15px\" class=\"has-text-align-center\"><strong>Comitato scientifico e organizzativo<\/strong><\/p>\n\n\n\n<p style=\"font-size:15px\"><a rel=\"noreferrer noopener\" href=\"https:\/\/www.unito.it\" target=\"_blank\">Universit\u00e0 di Torino<\/a>: Maria Cristina Caimotto, Carmen Concilio, Irene De Angelis,<br>Paola Della Valle, Sonia Di Loreto, Daniela Fargione, Marita Mattioda, Chiara Simonigh, Silvia Ulrich, Lia Zola<br><a rel=\"noreferrer noopener\" href=\"https:\/\/portale.unibas.it\/site\/home.html\" target=\"_blank\">Universit\u00e0 della Basilicata<\/a>: Alberto Baracco, Manuela Gieri, Maria Teresa Imbriani<br><a rel=\"noreferrer noopener\" href=\"https:\/\/unige.it\/it\/\" target=\"_blank\">Universit\u00e0 di Genova<\/a>: Elisa Bricco, Stefania Michelucci<br><a rel=\"noreferrer noopener\" href=\"https:\/\/www.unich.it\" target=\"_blank\">Universit\u00e0 di Chieti-Pescara<\/a>: Paola Brusasco<\/p>\n\n\n\n<p style=\"font-size:14px\" class=\"has-text-align-center\"><em>Turin Interdisciplinary Group of Environmental Humanities Research (<a href=\"https:\/\/frida.unito.it\/wn_pages\/percorso.php\/744_inquinamento-clima-e-riscaldamento-globale\/3085_environmental-humanities\/\" target=\"_blank\" rel=\"noreferrer noopener\">Tigehr<\/a>)<\/em><\/p>\n","protected":false},"excerpt":{"rendered":"<p>Framing Souths Letterature e linguaggi, cinema e fotografia,fototesto e nuovi media&nbsp; Universit\u00e0 di Torino24-26 maggio 2023 Data di scadenza di invio delle proposte: 15 dicembre 2022 Nell&#8217;ambito degli studi ecocritici, e con un\u2019impronta volutamente multidisciplinare e transdisciplinare, il convegno internazionale&nbsp;Framing Souths&nbsp;intende esplorare le possibili diverse significazioni espresse dalle narrazioni del cinema, della fotografia, del fototesto, &hellip; <\/p>\n<p class=\"link-more\"><a href=\"https:\/\/web.unibas.it\/life\/it\/conferenza-internazionale-framing-souths-call-for-papers\/\" class=\"more-link\">Continue reading<span class=\"screen-reader-text\"> &#8220;Framing Souths &#8211; CfP IT&#8221;<\/span><\/a><\/p>\n","protected":false},"author":1,"featured_media":0,"parent":0,"menu_order":0,"comment_status":"closed","ping_status":"closed","template":"","meta":{"footnotes":""},"_links":{"self":[{"href":"https:\/\/web.unibas.it\/life\/wp-json\/wp\/v2\/pages\/5383"}],"collection":[{"href":"https:\/\/web.unibas.it\/life\/wp-json\/wp\/v2\/pages"}],"about":[{"href":"https:\/\/web.unibas.it\/life\/wp-json\/wp\/v2\/types\/page"}],"author":[{"embeddable":true,"href":"https:\/\/web.unibas.it\/life\/wp-json\/wp\/v2\/users\/1"}],"replies":[{"embeddable":true,"href":"https:\/\/web.unibas.it\/life\/wp-json\/wp\/v2\/comments?post=5383"}],"version-history":[{"count":9,"href":"https:\/\/web.unibas.it\/life\/wp-json\/wp\/v2\/pages\/5383\/revisions"}],"predecessor-version":[{"id":5529,"href":"https:\/\/web.unibas.it\/life\/wp-json\/wp\/v2\/pages\/5383\/revisions\/5529"}],"wp:attachment":[{"href":"https:\/\/web.unibas.it\/life\/wp-json\/wp\/v2\/media?parent=5383"}],"curies":[{"name":"wp","href":"https:\/\/api.w.org\/{rel}","templated":true}]}}