{"id":1276,"date":"2021-02-03T11:55:21","date_gmt":"2021-02-03T10:55:21","guid":{"rendered":"http:\/\/web.unibas.it\/life\/?page_id=1276"},"modified":"2021-02-03T16:53:21","modified_gmt":"2021-02-03T15:53:21","slug":"naglieri-abstract-2","status":"publish","type":"page","link":"https:\/\/web.unibas.it\/life\/it\/naglieri-abstract-2\/","title":{"rendered":"Conferenza LiFE 2020 &#8211; Abstract"},"content":{"rendered":"\n<p class=\"has-text-align-center\"><strong>Lucrezia Naglieri<br><\/strong>Ricercatrice independente (Italia)<strong><br><br>I film di Nicola Ragone, fra arte, ecologia e marginalit\u00e0<\/strong><\/p>\n\n\n\n<p>Il documentario di Nicola Ragone (Tricarico, 1986-), <em>Vado Verso dove Vengo<\/em> (60 min., 2019), \u00e8 una complessa meditazione su migrazione, ambiente e identit\u00e0. Nella prima scena, un&#8217;enorme giostra si muove lentamente, meravigliosamente circondata da una natura silenziosa. Si tratta dell&#8217;opera <em>RB Ride<\/em> realizzata dall&#8217;artista di fama mondiale Carsten H\u00f6ller e collocata sulla sommit\u00e0 di una collina nell&#8217;area del Parco del Pollino, in Basilicata. Seguendo una prospettiva eco-antropologica, il regista mette in luce il contrasto tra la realt\u00e0 antropica delle metropoli &#8211; come Londra o New York &#8211; e il paesaggio selvaggio della Lucania. Le storie di emigranti e immigrati, cos\u00ec intrise di quel senso del partire o del restare, si alternano alle immagini delle crepe, della ruggine e dell&#8217;intonaco caduto delle case vuote, come cicatrici che lo spopolamento ha lasciato in questi remoti villaggi. Eppure, in questo documentario non v&#8217;\u00e8 traccia di nostalgia, vi \u00e8 piuttosto un nuovo modo di guardare al territorio e alla sua identit\u00e0. Come un personaggio silenzioso che rivendica con orgoglio il proprio ruolo, la regione &#8211; con le sue pietre, i fossi, gli anfratti &#8211; ci indica come dovrebbe essere percepita e abitata. Marginalit\u00e0\/fragilit\u00e0, geometria\/quiete, materia\/silenzio, sono le parole chiave di una narrazione che delinea un approccio al territorio pi\u00f9 filosoficamente consapevole. In Basilicata, alcuni luoghi possono apparire desolati e inospitali, ma mostrano una sorta di sacralit\u00e0 che emerge dalle trame pi\u00f9 ruvide della Terra. Il <em>paper<\/em> condurr\u00e0 un&#8217;analisi estetica e iconografica, con riferimenti all&#8217;arte contemporanea, sulla rappresentazione del paesaggio lucano nei film di Ragone, anche in relazione ad altre opere del regista, come <em>Marciapiedi<\/em> (4 min., 2015), <em>Urli e risvegli<\/em> (50 min., 2017) e<em> Soffio<\/em> (8 min., 2019).<\/p>\n\n\n\n<p style=\"font-size:14px\"><br><strong>Lucrezia Naglieri<\/strong> \u00e8 ricercatore indipendente.&nbsp;Ha conseguito il Dottorato di Ricerca in Studi Culturali con (indirizzo Cultura del Mediterraneo e concentrazione in Storia dell&#8217;Arte Contemporanea) presso l&#8217;Universit\u00e0 degli Studi di Bari (Italia), con la tesi &#8220;Rifiuti\/Arte occidentale. Etica ed estetica dei rifiuti&#8221;.&nbsp;La tesi si concentra sul fenomeno estetico dell&#8217;utilizzo di rifiuti, materiali di scarto e rifiuti urbani nell&#8217;arte visiva e sar\u00e0 pubblicata nel 2020. Altre pubblicazioni includono ricerche sul patrimonio artistico inesplorato dell&#8217;Italia meridionale, monumenti della seconda guerra mondiale, semantica di oggetti trovati, musei&nbsp;di assenza e memoriali post-traumatici.<\/p>\n","protected":false},"excerpt":{"rendered":"<p>Lucrezia NaglieriRicercatrice independente (Italia) I film di Nicola Ragone, fra arte, ecologia e marginalit\u00e0 Il documentario di Nicola Ragone (Tricarico, 1986-), Vado Verso dove Vengo (60 min., 2019), \u00e8 una complessa meditazione su migrazione, ambiente e identit\u00e0. Nella prima scena, un&#8217;enorme giostra si muove lentamente, meravigliosamente circondata da una natura silenziosa. Si tratta dell&#8217;opera RB &hellip; <\/p>\n<p class=\"link-more\"><a href=\"https:\/\/web.unibas.it\/life\/it\/naglieri-abstract-2\/\" class=\"more-link\">Continue reading<span class=\"screen-reader-text\"> &#8220;Conferenza LiFE 2020 &#8211; Abstract&#8221;<\/span><\/a><\/p>\n","protected":false},"author":1,"featured_media":0,"parent":0,"menu_order":0,"comment_status":"closed","ping_status":"closed","template":"","meta":{"footnotes":""},"_links":{"self":[{"href":"https:\/\/web.unibas.it\/life\/wp-json\/wp\/v2\/pages\/1276"}],"collection":[{"href":"https:\/\/web.unibas.it\/life\/wp-json\/wp\/v2\/pages"}],"about":[{"href":"https:\/\/web.unibas.it\/life\/wp-json\/wp\/v2\/types\/page"}],"author":[{"embeddable":true,"href":"https:\/\/web.unibas.it\/life\/wp-json\/wp\/v2\/users\/1"}],"replies":[{"embeddable":true,"href":"https:\/\/web.unibas.it\/life\/wp-json\/wp\/v2\/comments?post=1276"}],"version-history":[{"count":2,"href":"https:\/\/web.unibas.it\/life\/wp-json\/wp\/v2\/pages\/1276\/revisions"}],"predecessor-version":[{"id":1304,"href":"https:\/\/web.unibas.it\/life\/wp-json\/wp\/v2\/pages\/1276\/revisions\/1304"}],"wp:attachment":[{"href":"https:\/\/web.unibas.it\/life\/wp-json\/wp\/v2\/media?parent=1276"}],"curies":[{"name":"wp","href":"https:\/\/api.w.org\/{rel}","templated":true}]}}