{"id":1252,"date":"2021-02-02T15:33:13","date_gmt":"2021-02-02T14:33:13","guid":{"rendered":"http:\/\/web.unibas.it\/life\/?page_id=1252"},"modified":"2021-02-03T16:49:09","modified_gmt":"2021-02-03T15:49:09","slug":"araneo-abstract-2","status":"publish","type":"page","link":"https:\/\/web.unibas.it\/life\/it\/araneo-abstract-2\/","title":{"rendered":"Conferenza LiFE 2020 &#8211; Abstract"},"content":{"rendered":"\n<p class=\"has-text-align-center\"><strong>Alessia Araneo<br><\/strong>Universit\u00e0 Federico II di Napoli (Italia)<\/p>\n\n\n\n<p class=\"has-text-align-center\"><strong>La relazione uomo-mondo ai tempi del capitalismo<\/strong><\/p>\n\n\n\n<p>Il rapporto uomo-mondo \u00e8 da sempre al centro della speculazione filosofica, variamente arricchita, negli ultimi decenni, dagli apporti dell\u2019antropologia e dell\u2019etologia. Sancita la relazione di coappartenenza tra uomo e mondo, le criticit\u00e0 si iscrivono con maggiore urgenza nella dimensione politica. Il problema che si pone \u00e8 quello di individuare nuovi modelli di&nbsp;<em>governance<\/em>, che siano in grado di suturare il&nbsp;<em>gap<\/em>&nbsp;che si sta consumando \u2013 lacerando i modelli politici propri della Modernit\u00e0 e i tessuti sociali da questi orditi \u2013 tra la forma politica dello Stato nazionale e l\u2019esistenza di organizzazioni economiche e finanziarie che valicano i confini delle nazioni per muoversi in uno spazio potenzialmente infinito, quale quello dischiuso dall\u2019<em>Infosfera<\/em>. Cos\u00ec, il potere transnazionale della finanza e delle multinazionali attacca e fa vacillare la tenuta della sovranit\u00e0 nazionale, cos\u00ec come \u00e8 stata concepita a partire dal XVI secolo. A questo si aggiunge la necessit\u00e0 di dar vita a organismi politici mondiali che siano in grado di fronteggiare le sfide della contemporaneit\u00e0, che non conoscono limiti n\u00e9 frontiere: dal problema del cambiamento climatico al fenomeno migratorio fino alla diffusione di virus potenzialmente letali, impossibile ignorare il dato di cronaca che ci riporta alla fatale attualit\u00e0 del \u201cCoronavirus\u201d. Le nuove urgenze, dunque, chiamano in causa tutta la comunit\u00e0 globale, indistintamente; si tratta di capire, ora, se sia possibile parlare di una \u201ccomunit\u00e0 globale\u201d e se non sia il caso di immaginare un\u2019istituzione politica capace di rappresentare e governare questo nuovo e complesso soggetto globale.<br>Problematizzare il rapporto uomo-mondo e testare la tenuta delle odierne categorie politiche chiama in causa,&nbsp;<em>obtorto collo<\/em>, l\u2019ospite finora innominato, ossia il Capitale. Impostosi in maniera egemone, il capitalismo, secondo alcuni studiosi, \u00e8 assurto a forma di vita della contemporaneit\u00e0, riconfigurando la relazione uomo-mondo nel segno dello sfruttamento e la relazione politica-economia nel segno dell\u2019assoggettamento della prima alla seconda.<\/p>\n\n\n\n<p style=\"font-size:14px\"><br><strong>Alessia Araneo <\/strong>ha ottenuto la laurea magistrale in \u201cFilosofia e forme del sapere\u201d presso l\u2019Universit\u00e0 di Pisa, con una tesi dal titolo&nbsp;<em>La soggettivit\u00e0 morale del minore tra tutela e autonomia: il caso del cosiddetto \u201cdisturbo da deficit di attenzione\u201d<\/em>, relatore il prof. Sergio Bartolommei. Nel 2019 ha conseguito il titolo di Dottore di Ricerca in Filosofia morale, con una tesi dal titolo&nbsp;<em>Morale Onlife: problemi di soglia tra soggettivit\u00e0 postumana e neo-alterit\u00e0 robotica<\/em>,&nbsp;<em>tutor&nbsp;<\/em>prof. Paolo Augusto Masullo. Nel maggio del 2019 ha ricevuto il Premio Distretto 2120 Rotary International&nbsp;<em>ETIC 2018-2019&nbsp;<\/em>per la migliore tesi di Dottorato su&nbsp;<em>Computer Ethics<\/em>. \u00c8 attualmente cultrice della materia in Filosofia morale presso l\u2019Universit\u00e0 degli Studi di Napoli&nbsp;<em>Federico II<\/em>&nbsp;e borsista di formazione presso l\u2019Istituto Italiano per gli Studi Filosofici.<\/p>\n","protected":false},"excerpt":{"rendered":"<p>Alessia AraneoUniversit\u00e0 Federico II di Napoli (Italia) La relazione uomo-mondo ai tempi del capitalismo Il rapporto uomo-mondo \u00e8 da sempre al centro della speculazione filosofica, variamente arricchita, negli ultimi decenni, dagli apporti dell\u2019antropologia e dell\u2019etologia. Sancita la relazione di coappartenenza tra uomo e mondo, le criticit\u00e0 si iscrivono con maggiore urgenza nella dimensione politica. Il &hellip; <\/p>\n<p class=\"link-more\"><a href=\"https:\/\/web.unibas.it\/life\/it\/araneo-abstract-2\/\" class=\"more-link\">Continue reading<span class=\"screen-reader-text\"> &#8220;Conferenza LiFE 2020 &#8211; Abstract&#8221;<\/span><\/a><\/p>\n","protected":false},"author":1,"featured_media":0,"parent":0,"menu_order":0,"comment_status":"closed","ping_status":"closed","template":"","meta":{"footnotes":""},"_links":{"self":[{"href":"https:\/\/web.unibas.it\/life\/wp-json\/wp\/v2\/pages\/1252"}],"collection":[{"href":"https:\/\/web.unibas.it\/life\/wp-json\/wp\/v2\/pages"}],"about":[{"href":"https:\/\/web.unibas.it\/life\/wp-json\/wp\/v2\/types\/page"}],"author":[{"embeddable":true,"href":"https:\/\/web.unibas.it\/life\/wp-json\/wp\/v2\/users\/1"}],"replies":[{"embeddable":true,"href":"https:\/\/web.unibas.it\/life\/wp-json\/wp\/v2\/comments?post=1252"}],"version-history":[{"count":2,"href":"https:\/\/web.unibas.it\/life\/wp-json\/wp\/v2\/pages\/1252\/revisions"}],"predecessor-version":[{"id":1296,"href":"https:\/\/web.unibas.it\/life\/wp-json\/wp\/v2\/pages\/1252\/revisions\/1296"}],"wp:attachment":[{"href":"https:\/\/web.unibas.it\/life\/wp-json\/wp\/v2\/media?parent=1252"}],"curies":[{"name":"wp","href":"https:\/\/api.w.org\/{rel}","templated":true}]}}