{"id":1244,"date":"2021-02-02T15:18:24","date_gmt":"2021-02-02T14:18:24","guid":{"rendered":"http:\/\/web.unibas.it\/life\/?page_id=1244"},"modified":"2021-02-03T16:48:13","modified_gmt":"2021-02-03T15:48:13","slug":"iermano-abstract-2","status":"publish","type":"page","link":"https:\/\/web.unibas.it\/life\/it\/iermano-abstract-2\/","title":{"rendered":"Conferenza LiFE 2020 &#8211; Abstract"},"content":{"rendered":"\n<p class=\"has-text-align-center\"><strong>Angelo Iermano<br><\/strong>Universit\u00e0 della Basilicata (Italia)<\/p>\n\n\n\n<p class=\"has-text-align-center\"><strong>Eroi del paesaggio urbano: Roma in&nbsp;<em>Lo chiamavano Jeeg Robot<\/em><\/strong><\/p>\n\n\n\n<p>Ci\u00f2 che mi propongo di indagare in questa proposta di intervento \u00e8 il rapporto tra citt\u00e0 e supereroe nel film&nbsp;<em>Lo chiamavano Jeeg Robot<\/em>&nbsp;(2015) di Gabriele Mainetti. La metropoli \u00e8 spesso stata il luogo privilegiato per le avventure dei supereroi. La citt\u00e0 \u00e8 il luogo che crea i presupposti per la loro venuta al mondo e delimita, inoltre, il campo delle loro imprese. \u00c8 impossibile, infatti, pensare a Batman, Superman o Spiderman senza immediatamente collocarli nei relativi contesti urbani, siano essi fittizi (Gotham, Metropolis) o reali (New York). L\u2019ambiente cittadino \u00e8 un\u2019appendice dell\u2019eroe stesso, funzionale tanto alla sua origine quanto alle azioni che \u00e8 chiamato a intraprendere.&nbsp;<br>Similmente, il Jeeg Robot di Mainetti stabilisce un rapporto simbiotico con la citt\u00e0 di Roma e il suo percorso di formazione eroica passa attraverso luoghi iconici ben precisi. Innanzitutto, la Roma presentata nel film \u00e8 afflitta dal caos e dalle tensioni sociali, una realt\u00e0 distopica (ma ancora&nbsp;&nbsp;realistica) molto fertile per la nascita di un supereroe. Enzo Ceccotti (Claudio Santamaria) acquisir\u00e0 i suoi superpoteri dopo essersi immerso nel Tevere per sfuggire alla polizia, pertanto possiamo dire che \u00e8 il fiume stesso a rigenerarlo come supereroe. Il quartiere di origine del protagonista \u00e8 Tor Bella Monaca, una delle zone pi\u00f9 povere e degradate della capitale. Enzo, da emarginato e riluttante alla chiamata all\u2019avventura, riesce poco a poco a conquistare il centro della sua citt\u00e0, dapprima guadagnandosi dei murales celebrativi sui muri del suo quartiere (che lo percepisce come un Robin Hood locale) e successivamente arrivando anche al centro della citt\u00e0, dopo lo scontro finale allo Stadio Olimpico contro Fabio (Luca Marinelli), criminale psicopatico e narcisista originario del suo stesso quartiere e divenuto sua nemesi gemellare dopo essersi immerso, anche lui, nel Tevere.&nbsp;Nella ripresa finale, che riprende quella iniziale, una veduta aerea del centro di Roma \u00e8 accompagnata da delle anonime voci fuori campo che commentano l\u2019ultima impresa dell\u2019eroe, una delle quali sostiene che meriterebbe una piazza. La ripresa si conclude su Enzo che, solo, in cima al Colosseo, si infila la maschera di Jeeg Robot per la prima volta. L\u2019eroe della periferia ha conquistato il centro della citt\u00e0, e da eroe di quartiere \u00e8 divenuto eroe di tutti. Ha acquisito la centralit\u00e0 dell\u2019Urbe, e pu\u00f2 finalmente mascherarsi, indossare (nel senso proprio di mettersi addosso) il ruolo dell\u2019eroe e farsi carico delle responsabilit\u00e0 che ci\u00f2 comporta. Il riferimento alla piazza che l\u2019eroe meriterebbe e il gesto di auto-incoronazione che avviene in cima all\u2019edificio storico pi\u00f9 iconico di Roma sanno di celebrazione monumentale. Enzo \u00e8 finalmente divenuto l\u2019eroe dal cuore puro che Alessia (Ilenia Pastorelli) sognava diventasse, l\u2019eroe che veglia sulla citt\u00e0 dalla vetta del suo monumento pi\u00f9 importante. Pertanto Jeeg Robot \u00e8 un eroe che dimostra di avere un rapporto simbiotico con la citt\u00e0 che riesce ad andare oltre il modello americano poich\u00e9 permette di leggere, attraverso i luoghi e gli edifici della citt\u00e0, l\u2019evoluzione del personaggio stesso e il compimento del suo percorso eroico.<\/p>\n\n\n\n<p style=\"font-size:14px\"><br><strong>Angelo Iermano<\/strong> \u00e8 dottorando in Storia del Cinema presso l\u2019Universit\u00e0 degli Studi della Basilicata con un progetto di ricerca sulla figura dell\u2019eroe all\u2019interno del cinema italiano. La sua ricerca \u00e8 incentrata sullo studio della commedia, del comico e sulle teorie del riso.&nbsp;Ha recentemente pubblicato la monografia&nbsp;<em>La scienza e il comico: la comicit\u00e0 di &#8220;The Big Bang Theory&#8221; alla luce delle teorie del riso&nbsp;<\/em>(Sinestesie, 2017).<\/p>\n","protected":false},"excerpt":{"rendered":"<p>Angelo IermanoUniversit\u00e0 della Basilicata (Italia) Eroi del paesaggio urbano: Roma in&nbsp;Lo chiamavano Jeeg Robot Ci\u00f2 che mi propongo di indagare in questa proposta di intervento \u00e8 il rapporto tra citt\u00e0 e supereroe nel film&nbsp;Lo chiamavano Jeeg Robot&nbsp;(2015) di Gabriele Mainetti. La metropoli \u00e8 spesso stata il luogo privilegiato per le avventure dei supereroi. La citt\u00e0 &hellip; <\/p>\n<p class=\"link-more\"><a href=\"https:\/\/web.unibas.it\/life\/it\/iermano-abstract-2\/\" class=\"more-link\">Continue reading<span class=\"screen-reader-text\"> &#8220;Conferenza LiFE 2020 &#8211; Abstract&#8221;<\/span><\/a><\/p>\n","protected":false},"author":1,"featured_media":0,"parent":0,"menu_order":0,"comment_status":"closed","ping_status":"closed","template":"","meta":{"footnotes":""},"_links":{"self":[{"href":"https:\/\/web.unibas.it\/life\/wp-json\/wp\/v2\/pages\/1244"}],"collection":[{"href":"https:\/\/web.unibas.it\/life\/wp-json\/wp\/v2\/pages"}],"about":[{"href":"https:\/\/web.unibas.it\/life\/wp-json\/wp\/v2\/types\/page"}],"author":[{"embeddable":true,"href":"https:\/\/web.unibas.it\/life\/wp-json\/wp\/v2\/users\/1"}],"replies":[{"embeddable":true,"href":"https:\/\/web.unibas.it\/life\/wp-json\/wp\/v2\/comments?post=1244"}],"version-history":[{"count":3,"href":"https:\/\/web.unibas.it\/life\/wp-json\/wp\/v2\/pages\/1244\/revisions"}],"predecessor-version":[{"id":1250,"href":"https:\/\/web.unibas.it\/life\/wp-json\/wp\/v2\/pages\/1244\/revisions\/1250"}],"wp:attachment":[{"href":"https:\/\/web.unibas.it\/life\/wp-json\/wp\/v2\/media?parent=1244"}],"curies":[{"name":"wp","href":"https:\/\/api.w.org\/{rel}","templated":true}]}}