{"id":514,"date":"2022-07-14T11:55:09","date_gmt":"2022-07-14T09:55:09","guid":{"rendered":"http:\/\/web.unibas.it\/begin\/?page_id=514"},"modified":"2022-07-14T16:52:27","modified_gmt":"2022-07-14T14:52:27","slug":"autoridad-local","status":"publish","type":"page","link":"https:\/\/web.unibas.it\/begin\/?page_id=514&lang=es","title":{"rendered":"Autoridad local"},"content":{"rendered":"<p>(actualizando)<\/p>\n<p>Comune di Craco (Matera)<\/p>\n<p>Municipalit\u00e0 di Terras de Bouro (Portogallo)<\/p>\n<p>Museu Etnogr\u00e1fico de Vilarinho da Furna (Portogallo);<\/p>\n<p>Municipalit\u00e0 di Himara (Albania)<\/p>\n","protected":false},"excerpt":{"rendered":"<p>(actualizando) Comune di Craco (Matera) Municipalit\u00e0 di Terras de Bouro (Portogallo) Museu Etnogr\u00e1fico de Vilarinho da Furna (Portogallo); Municipalit\u00e0 di Himara (Albania)<\/p>\n","protected":false},"author":1,"featured_media":0,"parent":0,"menu_order":0,"comment_status":"closed","ping_status":"closed","template":"","meta":[],"_links":{"self":[{"href":"https:\/\/web.unibas.it\/begin\/index.php?rest_route=\/wp\/v2\/pages\/514"}],"collection":[{"href":"https:\/\/web.unibas.it\/begin\/index.php?rest_route=\/wp\/v2\/pages"}],"about":[{"href":"https:\/\/web.unibas.it\/begin\/index.php?rest_route=\/wp\/v2\/types\/page"}],"author":[{"embeddable":true,"href":"https:\/\/web.unibas.it\/begin\/index.php?rest_route=\/wp\/v2\/users\/1"}],"replies":[{"embeddable":true,"href":"https:\/\/web.unibas.it\/begin\/index.php?rest_route=%2Fwp%2Fv2%2Fcomments&post=514"}],"version-history":[{"count":3,"href":"https:\/\/web.unibas.it\/begin\/index.php?rest_route=\/wp\/v2\/pages\/514\/revisions"}],"predecessor-version":[{"id":533,"href":"https:\/\/web.unibas.it\/begin\/index.php?rest_route=\/wp\/v2\/pages\/514\/revisions\/533"}],"wp:attachment":[{"href":"https:\/\/web.unibas.it\/begin\/index.php?rest_route=%2Fwp%2Fv2%2Fmedia&parent=514"}],"curies":[{"name":"wp","href":"https:\/\/api.w.org\/{rel}","templated":true}]}}

<p>(actualizando)</p>
<p>Comune di Craco (Matera)</p>
<p>Municipalità di Terras de Bouro (Portogallo)</p>
<p>Museu Etnográfico de Vilarinho da Furna (Portogallo);</p>
<p>Municipalità di Himara (Albania)</p>

<p>(actualizando) Comune di Craco (Matera) Municipalità di Terras de Bouro (Portogallo) Museu Etnográfico de Vilarinho da Furna (Portogallo); Municipalità di Himara (Albania)</p>
